 = -2988*a + 2168. What is the hundreds digit of a?
2
Let d(p) = -p**3 + 7*p**2 + 9*p + 3. Let t be d(7). Let z = -285 - -282. What is the tens digit of t + -3 + 2 + z?
6
What is the units digit of 3/21 + ((-21159)/(-21))/3?
6
Let f(c) = -14*c - 5. Let i(x) = -x**3 + 16*x**2 + x - 19. Let d be i(16). What is the units digit of f(d)?
7
Suppose 4*b + 0*b + 3*j - 25 = 0, 2*j = 2*b - 2. Let f(p) = 25*p - 21. What is the units digit of f(b)?
9
Let b(j) = 15*j + 13. Let m be b(7). What is the tens digit of 1/2*m*(-3 + 4)?
5
Suppose 4*w = 5*j - 43, 3*j = -j + w + 30. Suppose -1 = -i + 2. Suppose f - 25 = -2*y - j, 4*f = -i*y + 92. What is the units digit of f?
6
What is the units digit of (255/30)/(1/108)?
8
Let r(u) = -u**2 - 7*u + 18. Let i be r(-9). Suppose i = 7*g - 11*g + 128. What is the tens digit of g?
3
Let z(n) be the second derivative of n**4/12 - 11*n**3/3 + 6*n**2 + 19*n. What is the units digit of z(22)?
2
Let p = 4598 - 1974. What is the units digit of p?
4
Let j(l) = -6*l**3 - 2*l**2 - l. Let n be j(-1). Suppose 0*d + 2*d - 152 = -3*m, 2*d = 5*m + 184. Suppose -n*c + 3 = -d. What is the tens digit of c?
1
Suppose 5 = 5*w + 20. What is the hundreds digit of 2/((-2)/(242/361) - w)?
1
What is the thousands digit of (4 - -3)/((-34)/(-14620))?
3
Suppose -3*l = 4*s - 519 + 165, -s = 0. What is the units digit of l?
8
Suppose d + 1342 = -4*o, -4*d - 150 = o + 178. Let v = -189 - o. What is the tens digit of v?
4
Let v = -58 - -293. Suppose 3*a = -2*g + v, -4*a + 3*g - 7*g = -316. What is the units digit of a?
7
Let a(m) = m**2 + 18*m - 4. Suppose -2*k = -4*h + 38, -4*h + k - 6*k = -3. What is the units digit of a(h)?
1
What is the tens digit of (438/(-24) + 0)*-3*8?
3
Let k(x) = x**3 + 12*x**2 + x + 14. Let j be k(-12). What is the units digit of ((-2)/4)/(j - (-173)/(-86))?
3
Let q = 2 + -5. Let c(f) = -5*f**2 + 3*f - 3. Let s be c(q). Let h = s + 81. What is the tens digit of h?
2
Let u = -34 + 36. What is the tens digit of (2 - (-128)/(-6))/(u/(-15))?
4
Let v(a) = -a**2 - 2*a - 2. Let h be v(19). Let i = -222 - h. What is the units digit of i?
9
Suppose -7325 = -26*i + i. What is the units digit of i?
3
Suppose 247 = 8*h - 17. Suppose -3*j - 2*d - 32 = 26, -62 = 3*j - 2*d. Let s = h + j. What is the units digit of s?
3
Suppose -6*c + 3*c + 3*z = -945, -2*c - 4*z + 612 = 0. What is the tens digit of c?
1
Suppose -4*t + 3 + 9 = 0, -5*l + 3*t + 24211 = 0. What is the hundreds digit of l?
8
Let w(t) = t + 5. Let l be w(-3). Let h(z) = 0*z**2 - 2*z + 6*z - z**2 + 3*z**l + 6. What is the units digit of h(-5)?
6
Let o(k) = -90*k + 22. What is the units digit of o(-3)?
2
What is the units digit of 7 - (14/(-3))/(4/3606)?
4
Let d(f) = f**3 - 22*f**2 - 24*f + 7. Let i be d(23). Let m = 2 - i. What is the tens digit of m?
1
Suppose 0 = -4*t - 4*o + 920, -5*o = 3*t - 7*t + 938. Suppose -143 = -5*q + t. What is the tens digit of q?
7
Let y(r) = -16*r - 12. Let n(b) = -15*b - 13. Let m(t) = 3*n(t) - 4*y(t). What is the tens digit of m(4)?
8
Let w be (-28 - -7)*(-3 + (0 - -1)). Suppose 0 = 39*u - w*u + 87. What is the tens digit of u?
2
Suppose -2*j = -6*j + 16. Suppose 5*s + 14 = -j*w, -4*w = -5*s - 48 + 2. Let x(m) = m**3 + 6*m**2 - 2*m + 2. What is the units digit of x(s)?
4
Let k(a) = -419*a - 7. What is the hundreds digit of k(-10)?
1
Let v = 1 + -6. Let s = 279 + -246. Let w = v + s. What is the tens digit of w?
2
Suppose -3*j + 8*j + 2*m = 0, 0 = 2*j - 4*m + 24. Let x be (6/(-5))/(j/(-10)). What is the units digit of (-15)/2*44/x?
5
Suppose 4*p + 10303 = 4*a - 2597, 5*a - 16141 = -3*p. What is the thousands digit of a?
3
Suppose 5*b = -4*m + 16, -3*b + 2*m - 1 - 7 = 0. Suppose -f - 1 = b, -5*j + 3*f = 482 + 535. What is the tens digit of j/(-10) - (-8)/(-20)?
2
Let s(q) = -7*q + 6. Let g(i) = -8*i + 6. Let x(c) = 5*g(c) - 6*s(c). Let l be x(5). Suppose l*u - 168 = -2*v, 3*u + 3*v = u + 92. What is the tens digit of u?
4
Suppose 0 = 15*g - 13*g + 430. Let h = 317 + g. What is the units digit of h?
2
Let q(n) = 9*n**3 - 2*n**2 - n + 9. What is the tens digit of q(4)?
4
Let h(y) = y**3 - 5*y**2 - 5*y - 1. Let j be h(6). Suppose 3*w = -j*i + 602, -4*w + 20 = w. What is the hundreds digit of i?
1
Suppose 45*a = -12527 + 84752. What is the thousands digit of a?
1
Let a be (-1 + 2)/(2/(-30)). What is the units digit of a/6*(-4)/5?
2
Suppose b = 5*q - q - 7, 2*b + 3*q - 8 = 0. Suppose r + b = 3. Let a = 4 + r. What is the units digit of a?
6
Suppose 2*u - 58 = 5*t - 148, -5*u = 3*t - 85. Suppose t = 3*w - w. What is the units digit of ((-64)/(-20))/(1/w)?
2
Let i(q) = 4*q**3 - 4*q**2 + 6*q - 6. Let l be i(3). Let g be (-36)/l - (-6)/14. Suppose g = a + 12 - 22. What is the tens digit of a?
1
Let t(w) = -79*w + 1. What is the units digit of t(-4)?
7
Let t(z) = -453*z + 191. What is the tens digit of t(-4)?
0
What is the hundreds digit of 6*-2*((-856)/24 + -7)?
5
What is the units digit of 635*3/((-2)/32 + 1)?
2
Suppose -88 = -2*h + 184. Suppose -467 - h = -9*x. What is the units digit of x?
7
Let u(n) = 2*n - 11. Let h be u(10). Let a = h + -9. Suppose a = -0*d + d - 26. What is the units digit of d?
6
Let w(r) = r**3 - 4*r**2 + 2*r - 6. Let x be w(4). Suppose -40 = -2*y - 4*d, -x*d + 50 = 2*y + 10. Let p = y - 9. What is the tens digit of p?
1
Let p be (-3 - (-5 - -1))/((-1)/(-167)). Suppose 3*k - p - 64 = 0. What is the units digit of k?
7
Suppose -6 = -0*z - z. Let x(q) = 6 - z + q + 6*q**2 - q**3. What is the units digit of x(6)?
6
Let j be 2/1*(1 + 0). Let n = 56 + -45. Suppose m + n = j*m. What is the tens digit of m?
1
Let t = 1563 + -1110. Let k = t - 312. What is the tens digit of k?
4
Suppose 9*m = 4*m - 4*f + 4997, -3*m = -4*f - 2979. What is the hundreds digit of m?
9
Suppose 4*j + 2*l + 1 = 23, 5*j + 2*l - 26 = 0. Let c = -1 + j. Suppose 21 = 3*r + 3*m, -33 = -c*r + m + 4. What is the units digit of r?
1
Let n = -318 + 416. What is the tens digit of n?
9
Suppose 0 = -9*l + 7879 - 1489. What is the tens digit of l?
1
Let m(n) = -353*n - 13. What is the tens digit of m(-1)?
4
Suppose 16*z + 21 = -43. What is the hundreds digit of (z - -293 - 1) + -5?
2
Let l(i) = -i**3 + 5*i**2 + i - 1. Let d be l(4). Suppose -4*p = -13 - d. Suppose 267 = 5*u - 4*v, v = -3*v + p. What is the units digit of u?
5
Suppose -4*n = -414 + 146. Let k = n + 18. What is the units digit of k?
5
Suppose 191*x + 1530 = 197*x. What is the hundreds digit of x?
2
Let w(t) = -4*t**3 + 2*t + 1. Let g be 5*(1 - 3 - -3). Suppose -25 = 3*y + 2*y + 4*k, -g*k = -2*y + 23. What is the units digit of w(y)?
3
Let u = -893 - -637. Let x = 371 + u. What is the hundreds digit of x?
1
Let u(b) = 7*b - 303. Let h(j) = 3*j - 151. Let l(p) = -9*h(p) + 4*u(p). What is the tens digit of l(0)?
4
Let z(m) = -730*m + 49. What is the units digit of z(-2)?
9
Let q = -1571 + 2879. What is the hundreds digit of q?
3
Let d = 12 + -7. Suppose -2*k - 99 = -0*g - d*g, -g + 36 = 5*k. Suppose 4*q - g + 128 = 3*s, 5*s - 167 = q. What is the units digit of s?
3
Let k(z) = z**3 - 6*z**2 - 10. Let p be k(6). Let d(l) = l**3 + 9*l**2 - 14*l. What is the tens digit of d(p)?
4
Suppose 0 = 5*g + 33 + 22. Let w(i) = -7*i - 10. Let t be w(-4). Let s = t - g. What is the tens digit of s?
2
Suppose -1 = d - 3. Suppose -p = 1 + d. What is the units digit of (p + 1)*(-8 + 2)?
2
Let y(v) = v**3 - 5*v**2 - v + 1. Let u be -1 + 3 - (-18)/6. Suppose 22 = 3*w - 3*j - u, 4*w - 15 = -3*j. What is the tens digit of y(w)?
3
Let g = 5381 + -3111. What is the hundreds digit of g?
2
Let j = 36 - 22. Let n be (-16)/(1 + (-10)/j). What is the units digit of n/(-6) - 2/6?
9
Let c be (-2 - (3 + -4))*-6. Suppose 9*w - c*w = 96. Suppose 3*g - 2*f - 112 = 0, 2*g - w = 3*f + 51. What is the tens digit of g?
3
Let w(r) = 155*r + 2. Let f(n) = 93*n - n + 1 + 11*n. Let g(z) = -8*f(z) + 5*w(z). What is the units digit of g(-1)?
1
Suppose -3*i = -2*f - 10, -4*i - 2*f = 3*f - 21. Suppose a - i*a = 9. What is the units digit of 1*a + 10 + 3?
0
Suppose 10875 = 4*m + 3*k, 4*k = 2*m - 2250 - 3182. What is the thousands digit of m?
2
Let t = 825 - 528. Suppose 6*d = 1383 - t. What is the hundreds digit of d?
1
Let n = 45 - 101. Let j = n + 181. Suppose 6*z - j = z. What is the tens digit of z?
2
Let n(j) = -6*j - 3 + 10 - 4 + 10*j - j**2. What is